o - 60, -k = 5*o + 47 - 16. List the prime factors of 64 + (k/4)/(-2).
2, 3, 11
Let r(m) = m**3 + 2*m**2 - 4*m - 3. Suppose u + 18 = -5*u. Let s be r(u). Suppose s = 3*o + q - 62, -4*q = 4*o - 50 - 46. What are the prime factors of o?
19
Suppose -2*y + 7*y - 80 = 0. Let p be ((-12)/18)/((-2)/(-30)) + -3. What are the prime factors of (p/4)/(y/(-128))?
2, 13
Suppose 0 = 3*f + 4*f + 133. Let l = 21 + f. Suppose -j - 16 = -l*j. What are the prime factors of j?
2
Let z = 24 + -21. Suppose -z*m - 252 = -10*m. What are the prime factors of m?
2, 3
Let t = 65 - 61. What are the prime factors of t/(-24) - 580/(-24)?
2, 3
List the prime factors of 3*(-10)/(-6)*470/25.
2, 47
Suppose -6*k - 2054 = -6890. What are the prime factors of k?
2, 13, 31
Let g = -43 + 85. Let p = 83 - g. List the prime factors of p.
41
Suppose -6*c + 7*c - 12 = 0. Let z(q) = 19*q + 2. Let s be z(c). Suppose 0 = 3*j + 2*j - s. List the prime factors of j.
2, 23
What are the prime factors of (-128)/12*(1 + -142)?
2, 47
Let u(y) = -y**2 - 9*y - 14. Let l be u(-6). Suppose l*a + 384 = 5*v, a - 2*a = -5*v + 381. What are the prime factors of v?
2, 19
Let p(n) = n**3 - 5*n**2 - 3*n - 15. Let c be p(6). Suppose 0 = -c*x + 9*x - 756. What are the prime factors of x?
2, 3, 7
Suppose -32 = -0*l - 2*l. Suppose -2*a - 2*a = -l. Suppose d = 3*x - a - 6, -x = -3*d - 6. What are the prime factors of x?
3
List the prime factors of 3795/45 + (-2)/(-3).
5, 17
Let d = -521 - -2004. List the prime factors of d.
1483
Let i = -30 + 48. What are the prime factors of 4 + 27/(-6) + i/4?
2
What are the prime factors of (-1)/(3/633*-1)?
211
Let d(h) = 4*h**2 + 3*h**3 + 120 - 2*h**3 - 115 + 3*h. Let a be d(-3). What are the prime factors of 30/(a/(-2) - -4)?
2, 5
Let h be 6/(-2) + (0 - -6). Let x(p) = -p**h - 4*p**2 + 4*p**2 - 4*p - 3*p**2 + 1 - 2. List the prime factors of x(-3).
11
Let h = 428 + -38. What are the prime factors of h?
2, 3, 5, 13
Let f(g) = 30*g**2 - 2*g - 3. What are the prime factors of f(-2)?
11
Suppose -a + 237 = 41. Let l = a - 119. What are the prime factors of l?
7, 11
Let o(i) be the second derivative of -i**5/20 - 2*i**4 + 7*i**3/2 - 13*i**2 + 31*i. What are the prime factors of o(-25)?
2, 37
Let o(s) = 10*s + 4. Let p be o(-4). Suppose -3*u - 36 = -u. Let h = u - p. What are the prime factors of h?
2, 3
Suppose 4*t + 8*d - 825 = 3*d, -225 = -t - 5*d. List the prime factors of t.
2, 5
List the prime factors of 2/(-8) - 45115/(-28).
3, 179
Let o be 2/9 - (-16)/(-72). What are the prime factors of 3172/(-78)*(o - (-18)/(-4))?
3, 61
List the prime factors of (4 - (-2128)/21)*99/12.
11, 79
Suppose -4*q + 0*q + 5*c - 9 = 0, 0 = -4*q + 2*c + 6. Suppose -115 - 265 = -q*l. List the prime factors of (l/15)/((-2)/(-12)).
2, 19
Let l(p) = 2*p**2 - 2*p + 1. Let y be l(2). Suppose -2*b + y*b = 69. Suppose z - b + 8 = 0. List the prime factors of z.
3, 5
Let b = -59 + 83. Let w be 8228/14 - b/(-84). What are the prime factors of 1/(-6) + w/72?
2
Suppose 0 = -0*a + 4*a. Let n(k) = -k**3 + 11*k**2 + k - 2. Let o be n(11). Suppose -o = -h - a. List the prime factors of h.
3
Let v = -950 - -2565. List the prime factors of v.
5, 17, 19
Let q(z) = -z**3 + 10*z**2 - 4*z - 20. List the prime factors of q(9).
5
Let d be (-9)/(-3) + 0 + 2. Suppose -8*o = -d*o - 18. Let n = 11 - o. What are the prime factors of n?
5
Suppose 5*j - 4 = y + 4, -4*j + 16 = 4*y. Suppose -78 = -4*p - 3*k, 0*p - 2*p + y*k = -32. List the prime factors of p.
2, 3
Suppose 4*d - j - 4553 = 0, -2*d - 5*j + 2281 = -10*j. What are the prime factors of d?
2, 569
Suppose 3 - 33 = -5*j. Let c = 3 + j. Let l = c + -6. What are the prime factors of l?
3
Let y = 30 - 26. Let v(w) = 0*w**3 + y*w**2 + 5 + 9*w + 4*w**2 + 5*w**3 - 6*w**3. List the prime factors of v(9).
5
Suppose -9*c + 1710 = -8*c - 4*w, 5*w + 5 = 0. What are the prime factors of c?
2, 853
Let d be ((-85)/(-10))/((-1)/(-6)). Let w = -9 - 12. Let n = w + d. List the prime factors of n.
2, 3, 5
Let k(n) = 48*n + 11. What are the prime factors of k(18)?
5, 7
Let x be (14/10)/((-1)/(-5)). Let h be 2/(-3) + 264/18. Let k = h - x. What are the prime factors of k?
7
Suppose -561 + 212 = -j. What are the prime factors of j?
349
Let c = -19 - 7. Let m = c + 36. Let g = m - -4. What are the prime factors of g?
2, 7
Let y = 14 - 11. Suppose -4*d - y*g - 5 = -3*d, -5*g - 9 = d. Suppose 0 = -4*j + 4*i + 180, -4*j = -5*i - d - 184. What are the prime factors of j?
2, 5
What are the prime factors of ((-291)/12)/((-8)/32)?
97
Let s(d) = d**3 + 17*d**2 + 11*d + 20. Let x be s(-16). What are the prime factors of ((-9)/(135/x))/((-4)/66)?
2, 5, 11
Let u(d) = -27*d**3 - 2*d**2 + 2. What are the prime factors of u(-4)?
2, 3, 283
Suppose -j - 4*w = -4366 - 722, -j - 5*w + 5084 = 0. List the prime factors of j.
2, 11, 29
Let f(k) = -6*k**2 + 5*k + 0 + 0*k**3 - 5 - 5 - k**3. What are the prime factors of f(-8)?
2, 3, 13
Suppose 0*a + 2*a + 730 = 0. Let d = 540 + a. What are the prime factors of d/10 - (-1)/(-2)?
17
Suppose -1186 = -5*d + 1284. What are the prime factors of d?
2, 13, 19
Suppose 5*w = -8*p + 6*p + 127, -5*w = -15. Suppose h + 5*j - p = -3*h, 0 = -j - 4. List the prime factors of h.
19
Let c(b) = -80*b**3 + b**2 + 24*b + 61. What are the prime factors of c(-3)?
2, 13, 83
List the prime factors of 7106/12 - (-53)/(-318).
2, 37
Let w be -4 - (-29 - (3 + -1)). Let f = w + -24. Suppose 0 = 3*z - 6, -24 = 2*x - f*z - 116. List the prime factors of x.
7
Suppose 3*s = 4*a + 4, 2 = 3*s - a - 8. Let p(z) = 10*z**2 - 24*z**2 + 15*z**2 + 0*z - 3*z - 1. List the prime factors of p(s).
3
Suppose c - 3*m - 414 - 141 = 0, 4*c + 4*m = 2300. What are the prime factors of c?
2, 3, 5, 19
Suppose -830 = -4*t + 2046. List the prime factors of t.
719
Let q(z) = -16*z - 54. Let w be q(7). Let h = w + 306. What are the prime factors of h?
2, 5, 7
Suppose 15*s - 5357 = -1742. What are the prime factors of s?
241
Let f = 495 - 93. Suppose 5*o - f = -112. List the prime factors of o.
2, 29
Suppose 12*o - 19512 = 18600. List the prime factors of o.
2, 397
Let m(c) = 12*c + 28. Let p(u) = 13*u + 29. Suppose -4*f = -2*y + 34, y - 23 = 3*f - 0*y. Let x(r) = f*m(r) + 5*p(r). List the prime factors of x(-11).
2, 3
Let t(u) be the third derivative of u**4/3 + 10*u**3/3 + 9*u**2. What are the prime factors of t(8)?
2, 3, 7
Suppose 5*d - 3583 = -2*r - r, -4*d + 2860 = 4*r. List the prime factors of d.
719
Let h be 2 - ((-20)/(-2) - -4). What are the prime factors of 1 - 175/(-6) - (-2)/h?
2, 3, 5
Suppose 14*q + 364 = n + 13*q, -2*n = 4*q - 704. What are the prime factors of n?
2, 3, 5
Let g be (-2)/12 - (-175)/42. Suppose 0 = -r - w - 4 + 7, -5*r - 3 = -g*w. Suppose -l = -6 - r. What are the prime factors of l?
7
Let c = 469 + -325. List the prime factors of ((-16)/10)/((-24)/(-60)) + c.
2, 5, 7
Let w be (-6)/(-36) - 987/(-18). What are the prime factors of w*(196/20 + -5)?
2, 3, 11
Suppose 30 = -5*d - 20. Let q(z) = -2*z + 37. What are the prime factors of q(d)?
3, 19
Let c(b) = -b + 8. Let l be c(-7). Suppose 0 = -3*w + 2*a + 31, -5*w = 2*a + 2*a - l. Suppose f + w - 60 = 0. List the prime factors of f.
53
Let p(d) = 2*d**3 - 8*d**2 + d + 3961. What are the prime factors of p(0)?
17, 233
Suppose -3567 = -2179*c + 2176*c. List the prime factors of c.
29, 41
Suppose -2*p - 274 = 30. List the prime factors of p*(-2 - (-9)/6).
2, 19
Suppose 5*t + 28 = h, 0*t = -3*h + 4*t + 62. Let q = h - -19. Let x = q + -13. What are the prime factors of x?
2, 3
Let s(m) = -3*m**3 - 20*m**2 + 3*m - 11. List the prime factors of s(-8).
13, 17
Let b(z) = 3*z**2 + 12*z - 4. Let a be b(-7). Let i = 10 - 52. Let p = a + i. What are the prime factors of p?
17
Let o(n) = n**3 - 9*n**2 - 8*n - 10. Suppose 11*q - 4*q = 70. What are the prime factors of o(q)?
2, 5
Let d(z) = 10*z + 2. Let k be d(-1). List the prime factors of 2/(k/(-132))*1.
3, 11
Let k(p) = 683*p - 88. List the prime factors of k(2).
2, 3, 71
Let x(d) = 13*d**3 + 115 - 56 - 58. Let v be 0 - 3/3 - -2. What are the prime factors of x(v)?
2, 7
Let f be (-15618)/(-15) - (-2)/(-10). Suppose -2*i = 3*n - 777, -n - i + f = 3*n. What are the prime factors of n/18 + 6/(-4)?
13
Let u(w) = w - 13. Let g be u(11). What are the prime factors of ((-180)/70)/(g/(-308)*-3)?
2, 3, 11
Suppose 